 What are the prime factors of 2 - (-3)/(-2)*r?
5, 7
Let b = 33 + -18. Let f(i) = i - 1. Let z be f(11). List the prime factors of 192/b + 2/z.
13
Suppose -3*i + r = 4*r - 12, 0 = -i + 2*r - 11. Let m be 1/(-8)*-1 + 309/24. Let j = i + m. List the prime factors of j.
2, 3
What are the prime factors of 34088/(-20)*(8 - (-147)/(-14))?
4261
Let d(c) = 0*c**2 - 2*c**2 - 13 + 4*c + 256. What are the prime factors of d(0)?
3
Let j be -4*(315/(-12))/(-5). Let o = -14 - j. Let t = 14 - o. What are the prime factors of t?
7
Let w(b) = 3*b**2 + 28*b - 209. List the prime factors of w(19).
2, 19, 37
Suppose -15*l = -10*l - 180. Let f = 56 - l. What are the prime factors of f?
2, 5
Let y(w) be the third derivative of w**6/60 - w**5/30 + w**4/12 - 7*w**2. Let v be y(2). List the prime factors of (2/(-4) - -4)*v.
2, 3, 7
Let u = 1 - -3. Suppose 0 = -u*y + 4, 4*y - 4 = 5*q. Suppose -g + 4*a + 38 = 0, 0 = 3*a - q - 6. List the prime factors of g.
2, 23
Suppose 13*r - 10 = 8*r. Let n(f) = -f**2 - 6*f + 1. Let o be n(-5). What are the prime factors of 4/(r*3/o)?
2
Suppose -12 = 4*t, -t + 5*t - 18 = 2*s. Let n(j) = j**3 + 14*j**2 - 18*j - 25. List the prime factors of n(s).
2, 5
Let c(o) = -o**3 - 3*o**2 - 3*o + 5. Suppose -5*t - 5*b - 5 = 0, -t - 6 = -3*t - 4*b. Let a be c(t). Let w = a - 47. List the prime factors of w.
23
Suppose -38 = 3*a + 97. Let h = -32 - a. Suppose -6*p = -h*p + 511. List the prime factors of p.
73
Let x = 55 - 120. Suppose -5*v = -0*b - 2*b - 575, -v - b + 122 = 0. Let g = v + x. What are the prime factors of g?
2, 13
List the prime factors of 263*9/(12 - 3).
263
Let h be (2 + -1)/(8/(-84))*-6. Let d = h - 14. List the prime factors of d.
7
Suppose 15*i - 22*i - w = -4717, -5*i = 4*w - 3366. What are the prime factors of i?
2, 337
Let z be 1 + 2 - (-4)/(12/3441). Suppose -d = 3*k + 303 - z, 4*d - 1407 = -5*k. What are the prime factors of k?
283
List the prime factors of (-1 + 87/(-12))*-28.
3, 7, 11
Suppose -5*j - 3*j = 56. Let c(t) = -3*t - 18. List the prime factors of c(j).
3
Suppose 0 = -z + 1 + 3. Suppose 204 = -z*u - 2*u. Let h = 52 + u. List the prime factors of h.
2, 3
Suppose 2*h - 2*x - 222 = -18, 5*h + 3*x - 534 = 0. Suppose 0 = 6*u - u + 5*a - 225, 0 = 3*u - 3*a - h. List the prime factors of u.
2, 5
Let g be 2/3*3*1. Let n(t) = -611*t**2 - 6*t + 615*t**2 - t + 2 + 5*t - t**3. List the prime factors of n(g).
2, 3
Let d = 130 + -133. What are the prime factors of (d + 395/(-25))*-15 + 4?
2, 11, 13
Let c be 2/11 + 6/(-33). Suppose 2*b + c*b = 4. Suppose 3*w - 23 = -5*t, b*t + 37 = 3*w - 0*t. What are the prime factors of w?
11
Let a(w) be the first derivative of -w**3/3 - 9*w**2/2 + 24*w - 12. What are the prime factors of a(-8)?
2
Suppose -q - 379 = -2*o - 6*q, 5*o - 1000 = 5*q. List the prime factors of o.
197
Let m = 1107 + -165. List the prime factors of m.
2, 3, 157
Suppose 4*q - 7 - 5 = 0. Suppose -r - 30 = 4*j - 9*j, q*j - 42 = 3*r. What are the prime factors of (r/(-30))/((-1)/(-27))?
3
Suppose 0 = -5*n + 6*n + 72. Let u(d) = d**3 - 6*d**2 - 4*d - 19. Let k be u(6). Let f = k - n. List the prime factors of f.
29
Suppose -4*p + 12 = -5*v + 53, 0 = p + 4. Suppose -2*d + 5*i = d - 883, 5*d - 1485 = -v*i. List the prime factors of d.
2, 37
Let b = 59 + -89. Let r = 40 + b. What are the prime factors of r?
2, 5
Let m = 289 + -169. Let h(v) = v - 4. Let k be h(6). Suppose 3*s = -4*z + m, -62 + 4 = -k*z - 2*s. List the prime factors of z.
3, 11
Let i = 129 - 24. Let d = 169 - i. List the prime factors of d.
2
Suppose 3*x = 4*n - 47, 5*n - 2*x = 47 + 3. Let y(s) = 9*s**2 - 8 + 2 + 8 + 4 - 6*s - s**3. What are the prime factors of y(n)?
2, 11
What are the prime factors of (15/(600/(-16)))/(2/(-11695))?
2339
Let u(b) = -4*b + 165. Let p = 89 + -89. What are the prime factors of u(p)?
3, 5, 11
Suppose -3*f + 2*t = -t - 75, 5*f + 2*t = 90. Let m = -2 + 6. List the prime factors of 37/(f/4 - m).
37
Let h = 867 - 867. Let f be (-1)/(-4) + 35/4. Suppose h = -5*w + f*w - 124. What are the prime factors of w?
31
Suppose -24 = -5*h + 16. Let d be (-5 + h)/((-9)/(-21)). Suppose 0 = b - d - 24. List the prime factors of b.
31
Let z be 15/(-5) - (-1 + -3). List the prime factors of (275/10)/(z/2).
5, 11
Let n(t) = 2*t**2 - 4*t - 2. Let a be n(3). Let h be 9/(2/a*-3). List the prime factors of (162/(-15))/(h/20).
2, 3
Let q be 15/(-10)*(0 + -2). List the prime factors of (-1 - 2) + (-2120)/(-10) - q.
2, 103
Suppose -5*c + 0*c - z - 116 = 0, 119 = -5*c - 4*z. Let x = -1 - c. List the prime factors of x.
2, 11
Let v = 54 + 112. Suppose 3*p = -2*p - b + v, -b = -3*p + 98. List the prime factors of p.
3, 11
Suppose -t - 2940 = -4*o, -t + 4*t = 4*o - 2932. List the prime factors of o.
2, 23
Let f = -203 + 145. Let i = f - -81. Suppose 0*g = g + 3*w - i, 2*w + 132 = 5*g. List the prime factors of g.
2, 13
Let y(o) = 120*o + 4. Let b be y(2). Let u = b - 135. List the prime factors of u.
109
Suppose k + 3*b = 77, -6*k + 7*k = -4*b + 78. List the prime factors of k.
2, 37
Suppose 0 = 15*d - 9030 - 18750. List the prime factors of d.
2, 463
Let a = -250 - -419. List the prime factors of a.
13
Suppose 2*u - 4*u = -4*a - 12, -5*u = 5*a - 75. Let q be (u/9)/(12/27). Suppose 0 = -s + 4*v, 4*s = q*s - v + 25. What are the prime factors of s?
2, 5
Suppose 0 = -0*v + 2*v + 6. Suppose 0 = 6*c - 13*c + 49. Let p = c - v. List the prime factors of p.
2, 5
Suppose -4*n + 2*n - 2 = 5*f, 2*f + 24 = 5*n. Suppose n*y - 5*k - 465 = 0, -2*k - 646 = -5*y - 69. What are the prime factors of y?
5, 23
Let l = 94 - 53. Let k be 3 - l - (2 - 2). Let u = -21 - k. What are the prime factors of u?
17
Suppose -2*x - j = -4*j + 11, 2*j = 2. Let n be (-1)/x + (-63)/(-36). Suppose 229 = 5*g - 4*z, g - n*z - 61 = -14. What are the prime factors of g?
3, 5
Let k = 174 + 649. What are the prime factors of k?
823
Let u be -1 - -2 - (-3 + 4). Let f be u - 3 - (-5 + -4). Suppose d + 6 = m + f*d, -41 = -4*m - 3*d. List the prime factors of m.
11
Suppose -2*d = -202 - 86. Let r = -49 + d. What are the prime factors of r?
5, 19
Let d be 1/(-6) - 26/(-12). Let h be ((-24)/(-18))/(d/3). Suppose h*w + 5 = 75. What are the prime factors of w?
5, 7
Let g(w) be the second derivative of 17*w**4/6 - w**3/6 + 18*w. Suppose 0 = -c - 0 - 1. What are the prime factors of g(c)?
5, 7
Suppose 206 = 2*r - 1816. What are the prime factors of r?
3, 337
Suppose 8*r - 7*r = c + 5607, -3*c - 5607 = -r. List the prime factors of r.
3, 7, 89
Suppose 0*c - 5*c - 3*h - 14 = 0, 4*c = -3*h - 13. Let k = -78 + 74. What are the prime factors of k/c - (-17 + -2)?
23
Let d(g) = -2 - 2 + 6 + 1 + 2*g**2 + 11*g. What are the prime factors of d(-11)?
2, 31
Suppose 4*b - 3216 = 2336. What are the prime factors of b?
2, 347
Suppose 4*l - 7*l - 18 = 0. Let m = 48 - l. What are the prime factors of m?
2, 3
Suppose -2*h = -k - 1, -11 = 5*k - 6*k - 2*h. Suppose k*d - 103 - 27 = 0. List the prime factors of d.
2, 13
Suppose 3*f = 826 + 59. What are the prime factors of f?
5, 59
Let m(h) = -2 + 6 + 1 + 10*h - 3. List the prime factors of m(4).
2, 3, 7
Suppose 21 - 11 = 2*k. Suppose -5*n + 4*v = -37, -2*n + 3*v + 22 = k*v. What are the prime factors of n?
3
Suppose 2152 + 828 = 10*u. What are the prime factors of u?
2, 149
Suppose -2*d - d + 8*d = 0. List the prime factors of 6 - 6 - (-103 + d).
103
Suppose -154 = -4*a + 3*a. Suppose -4*s - a = 30. Let i = s - -96. List the prime factors of i.
2, 5
Suppose -34*c = -23*c - 25366. List the prime factors of c.
2, 1153
Let z(o) = o + 14. Let j be z(-8). Suppose -j*n = -5*n - 4. Suppose -1 = -m + n*t, -2*m + 74 = 3*m + 3*t. List the prime factors of m.
13
Let u(d) = -d**2 - 17*d - 11. Let y be u(-16). Suppose 7 = -3*w - 3*l + 124, 0 = -y*w + 4*l + 159. List the prime factors of w.
5, 7
Let u = -1192 + 2145. List the prime factors of u.
953
Suppose 6768 = -22*y + 31*y. What are the prime factors of y?
2, 47
Let y be ((-7)/3)/((-3)/99). Suppose y - 11 = -3*m. Let x = -6 - m. What are the prime factors of x?
2
Suppose -5*b - 3*h + 152 = 0, -4*b + 0*b + 126 = -2*h. Let n(w) = w - 4. Let j be n(-4). Let t = j + b. List the prime factors of t.
23
Suppose 0 = 3*i - 6 + 3. Let q = i - 9. List the prime factors of (78/24)/((-2)/q).
13
Let k(x) = 8*x - 10*x**2 + 15 - 5*x**2 + 16*x**2. Let 